{"id":1088,"date":"2023-09-19T11:11:50","date_gmt":"2023-09-19T14:11:50","guid":{"rendered":"https:\/\/mediasite.us\/?page_id=1088"},"modified":"2023-10-25T22:06:09","modified_gmt":"2023-10-26T01:06:09","slug":"obrigado","status":"publish","type":"page","link":"https:\/\/mediasite.us\/index.php\/obrigado\/","title":{"rendered":"Obrigado"},"content":{"rendered":"\t\t<div data-elementor-type=\"wp-page\" data-elementor-id=\"1088\" class=\"elementor elementor-1088\" data-elementor-post-type=\"page\">\n\t\t\t\t<div class=\"elementor-element elementor-element-eb5a2c3 e-flex e-con-boxed e-con e-parent\" data-id=\"eb5a2c3\" data-element_type=\"container\" data-settings=\"{&quot;background_background&quot;:&quot;classic&quot;}\">\n\t\t\t\t\t<div class=\"e-con-inner\">\n\t\t<div class=\"elementor-element elementor-element-ad94f76 e-flex e-con-boxed e-con e-parent\" data-id=\"ad94f76\" data-element_type=\"container\">\n\t\t\t\t\t<div class=\"e-con-inner\">\n\t\t\t\t<div class=\"elementor-element elementor-element-3aa81d5 elementor-widget elementor-widget-image\" data-id=\"3aa81d5\" data-element_type=\"widget\" data-widget_type=\"image.default\">\n\t\t\t\t<div class=\"elementor-widget-container\">\n\t\t\t\t\t\t\t\t\t\t\t\t\t<img fetchpriority=\"high\" decoding=\"async\" width=\"494\" height=\"442\" src=\"https:\/\/mediasite.us\/wp-content\/uploads\/2023\/09\/img_ebook.png\" class=\"attachment-large size-large wp-image-1099\" alt=\"\" srcset=\"https:\/\/mediasite.us\/wp-content\/uploads\/2023\/09\/img_ebook.png 494w, https:\/\/mediasite.us\/wp-content\/uploads\/2023\/09\/img_ebook-300x268.png 300w\" sizes=\"(max-width: 494px) 100vw, 494px\" \/>\t\t\t\t\t\t\t\t\t\t\t\t\t<\/div>\n\t\t\t\t<\/div>\n\t\t\t\t<div class=\"elementor-element elementor-element-7306081 elementor-widget elementor-widget-text-editor\" data-id=\"7306081\" data-element_type=\"widget\" data-widget_type=\"text-editor.default\">\n\t\t\t\t<div class=\"elementor-widget-container\">\n\t\t\t\t\t\t\t<p>Obrigado por baixar o E-book!<\/p>\t\t\t\t\t\t<\/div>\n\t\t\t\t<\/div>\n\t\t\t\t<div class=\"elementor-element elementor-element-633c1bc elementor-widget elementor-widget-text-editor\" data-id=\"633c1bc\" data-element_type=\"widget\" data-widget_type=\"text-editor.default\">\n\t\t\t\t<div class=\"elementor-widget-container\">\n\t\t\t\t\t\t\t<p>Confira se chegou no seu e-mail na Caixa de Entrada, caso n\u00e3o encontre l\u00e1, verifique sua Caixa de Spam ou Lixo eletr\u00f4nico.<\/p>\t\t\t\t\t\t<\/div>\n\t\t\t\t<\/div>\n\t\t\t\t\t<\/div>\n\t\t\t\t<\/div>\n\t\t\t\t\t<\/div>\n\t\t\t\t<\/div>\n\t\t<div class=\"elementor-element elementor-element-a30b543 e-flex e-con-boxed e-con e-parent\" data-id=\"a30b543\" data-element_type=\"container\" data-settings=\"{&quot;background_background&quot;:&quot;classic&quot;}\">\n\t\t\t\t\t<div class=\"e-con-inner\">\n\t\t<div class=\"elementor-element elementor-element-47a82bf e-flex e-con-boxed e-con e-parent\" data-id=\"47a82bf\" data-element_type=\"container\">\n\t\t\t\t\t<div class=\"e-con-inner\">\n\t\t\t\t<div class=\"elementor-element elementor-element-698a371 elementor-widget elementor-widget-image\" data-id=\"698a371\" data-element_type=\"widget\" data-widget_type=\"image.default\">\n\t\t\t\t<div class=\"elementor-widget-container\">\n\t\t\t\t\t\t\t\t\t\t\t\t\t\t<a href=\"https:\/\/mediasite.us\/\">\n\t\t\t\t\t\t\t<img decoding=\"async\" width=\"220\" height=\"44\" src=\"https:\/\/mediasite.us\/wp-content\/uploads\/2023\/05\/logo_mediasite_p.png\" class=\"elementor-animation-grow attachment-large size-large wp-image-584\" alt=\"\" \/>\t\t\t\t\t\t\t\t<\/a>\n\t\t\t\t\t\t\t\t\t\t\t\t\t<\/div>\n\t\t\t\t<\/div>\n\t\t\t\t<div class=\"elementor-element elementor-element-463e94d elementor-widget elementor-widget-text-editor\" data-id=\"463e94d\" data-element_type=\"widget\" data-widget_type=\"text-editor.default\">\n\t\t\t\t<div class=\"elementor-widget-container\">\n\t\t\t\t\t\t\t<p>Mediasite Business &#8211; Todos os Direitos Reservados\u00ae 2023 v.2.0<\/p>\t\t\t\t\t\t<\/div>\n\t\t\t\t<\/div>\n\t\t\t\t\t<\/div>\n\t\t\t\t<\/div>\n\t\t\t\t\t<\/div>\n\t\t\t\t<\/div>\n\t\t\t\t<\/div>\n\t\t","protected":false},"excerpt":{"rendered":"<p>Obrigado por baixar o E-book! Confira se chegou no seu e-mail na Caixa de Entrada, caso n\u00e3o encontre l\u00e1, verifique sua Caixa de Spam ou Lixo eletr\u00f4nico. Mediasite Business &#8211; Todos os Direitos Reservados\u00ae 2023 v.2.0<\/p>\n","protected":false},"author":1,"featured_media":0,"parent":0,"menu_order":0,"comment_status":"closed","ping_status":"closed","template":"elementor_canvas","meta":{"footnotes":""},"class_list":["post-1088","page","type-page","status-publish","hentry"],"_links":{"self":[{"href":"https:\/\/mediasite.us\/index.php\/wp-json\/wp\/v2\/pages\/1088","targetHints":{"allow":["GET"]}}],"collection":[{"href":"https:\/\/mediasite.us\/index.php\/wp-json\/wp\/v2\/pages"}],"about":[{"href":"https:\/\/mediasite.us\/index.php\/wp-json\/wp\/v2\/types\/page"}],"author":[{"embeddable":true,"href":"https:\/\/mediasite.us\/index.php\/wp-json\/wp\/v2\/users\/1"}],"replies":[{"embeddable":true,"href":"https:\/\/mediasite.us\/index.php\/wp-json\/wp\/v2\/comments?post=1088"}],"version-history":[{"count":31,"href":"https:\/\/mediasite.us\/index.php\/wp-json\/wp\/v2\/pages\/1088\/revisions"}],"predecessor-version":[{"id":1201,"href":"https:\/\/mediasite.us\/index.php\/wp-json\/wp\/v2\/pages\/1088\/revisions\/1201"}],"wp:attachment":[{"href":"https:\/\/mediasite.us\/index.php\/wp-json\/wp\/v2\/media?parent=1088"}],"curies":[{"name":"wp","href":"https:\/\/api.w.org\/{rel}","templated":true}]}}